visor of f and 5?
5
Let i(g) = g + 2. Let k be i(2). Calculate the highest common divisor of 164 and k.
4
Suppose 11*b - 63 = 1257. What is the highest common divisor of 72 and b?
24
Suppose 0 = 4*t + t - 125. What is the greatest common factor of t and 20?
5
Let m(q) = -5*q**3. Let g be m(-1). Suppose g*r - 136 = 4*r. Let l be 182*(-6)/(-32) + (-6)/48. Calculate the greatest common divisor of l and r.
34
Let k = 138 - 78. Let p(q) = q**2 + 5*q + 4. Let v be p(-3). Let j be (-32 - v)/(9/(-12)). What is the highest common factor of k and j?
20
Suppose -4*b + 0*r + 581 = 5*r, 3*b = -r + 433. Suppose 3*g + b = 429. Suppose 304 = -90*l + 98*l. What is the highest common divisor of l and g?
19
Let t = 22 - -18. Suppose -3*v + 74 = 2*v + 3*h, 5*h = v - 26. What is the greatest common factor of t and v?
8
Suppose 80*l + 975 = 93*l. What is the greatest common factor of l and 175?
25
Let h(t) = -27 + 4*t**2 - 7*t**2 - 5 - t + 6*t**2. Let v be h(-5). What is the highest common divisor of 72 and v?
24
Suppose g - 3*g = 0. Suppose 2*m + 0*m = 4*t, -3*t + 3 = g. Suppose -m = 2*k - 98. What is the highest common divisor of k and 12?
12
Suppose 2*b = 5*c + 100, -c + 5*b - 10 - 10 = 0. Suppose -3*w = -4*w + 62. Let z = w + c. Calculate the highest common factor of z and 28.
14
Let o(m) = 3*m**3 + 3*m**2 - 2. Let z be o(1). Suppose -6*u = -z*u - 100. What is the highest common divisor of 20 and u?
10
Let g(i) = -i**3 + 22*i**2 - 6*i + 25. Let p be g(17). Calculate the greatest common divisor of 72 and p.
72
Let q(v) = 9*v + 15. Let g(d) = -5*d - 7. Let w(r) = -7*g(r) - 4*q(r). Let k be w(-14). What is the highest common factor of k and 12?
3
Let v be 45375/99 - (-2)/3. What is the highest common factor of v and 17?
17
Let l = 7 - -5. Suppose 0 = -78*w + 137*w - 83*w + 3168. What is the highest common divisor of w and l?
12
Suppose 3*o - 20 = 5*o. Let c(m) = -m**3 - 11*m**2 - 10*m + 4. Let x be c(o). Let z be (18/5)/(1/10). Calculate the highest common factor of z and x.
4
Let j(d) = -31*d + 50. Let i be j(-3). Let g = -14 + 27. Calculate the highest common divisor of i and g.
13
Let n = -25 + 25. Suppose -3*x - 3*x + 12 = n. Let v be -2 - (-8 + -4 + x). Calculate the greatest common divisor of 2 and v.
2
Suppose -5*w + 35 = -50. Let y be (2 + -1)*(24 + 4 + -5). Let a = 159 - y. What is the highest common factor of w and a?
17
Suppose 0 = -p + 22 - 17, -y = -3*p - 12. What is the greatest common divisor of 216 and y?
27
Suppose 11 + 24 = 5*t. Let x be 33/88 + (-109)/(-8). Calculate the highest common factor of t and x.
7
Suppose 6 = 2*w - 2*z + 7*z, -4*w = z - 12. Let n be 10/(-4)*(-8)/20. What is the greatest common factor of n and w?
1
Let x(t) = t**3 + 15*t**2 - 3*t - 10. Let g be x(-14). Calculate the greatest common factor of 6 and g.
6
Suppose -15*n + 5*n = -600. Calculate the highest common divisor of n and 70.
10
Let r = -76 - -81. Suppose -n + 100 = r*g, -n + 0 + 5 = 0. Calculate the highest common factor of g and 152.
19
Suppose -5*u - 7 + 178 = c, -2*u = -10. Let g = -106 + c. What is the greatest common factor of 180 and g?
20
Suppose -5*z - 133 = -4*b, b - 2 = 3*z - 8*z. Suppose 23*j + 108 = 24*j. What is the greatest common divisor of j and b?
27
Let q = 483 - 392. What is the highest common factor of q and 13?
13
Let r be -1 + (30 - -2 - -6). What is the greatest common factor of r and 185?
37
Suppose 0 = 2*q + m - 10, -3*q + 5*m - 22 = -6*q. What is the highest common factor of 64 and q?
4
Let b(z) = z + 24. Let j be b(-20). What is the greatest common factor of j and 28?
4
Let c = 38 - 36. Let k = c - -2. Calculate the greatest common factor of 32 and k.
4
Suppose 0 = 11*a + 37 + 73. Let m be (18/4)/((-1)/a). Calculate the highest common factor of 10 and m.
5
Let z(t) = -2*t - 2. Let k be z(-8). Let x = 69 + 1. Calculate the highest common divisor of x and k.
14
Let d(a) = -3*a + 1. Let m be d(-7). Let n = m - 18. Suppose n*i - 184 = 2*l - 4*l, -i + 5*l = -68. What is the highest common factor of i and 16?
16
Suppose 8*r - 88 = 72. Calculate the greatest common factor of 4 and r.
4
Let h = -1 + 12. Suppose 0 = 8*b - h*b + 54. Calculate the greatest common divisor of b and 2.
2
Let y(i) = 2*i**2 + 49*i + 168. Let t be y(-33). Calculate the greatest common divisor of t and 27.
27
Let q(n) be the third derivative of 2*n**5/5 - n**4/8 - n**3/2 + 6*n**2. Let x be q(-1). Calculate the highest common factor of x and 60.
12
Suppose 117 = 5*y - 163. Calculate the highest common divisor of y and 84.
28
Let z = -166 - -314. Calculate the highest common divisor of z and 74.
74
Let p = -146 + 519. Suppose -5*k - 2*g + p = 0, -4*k + 2*g = k - 377. Let v(n) = -2*n + 9. Let q be v(-3). What is the highest common factor of q and k?
15
Let k(d) = 3*d**3 - 2*d**2 - 3*d + 2. Let f be k(2). What is the greatest common divisor of f and 3?
3
Suppose 0 = -0*u - 2*u + 4. Suppose -4*d + 74 = -u*k, -4*d + 0*k + k = -73. Let i = 54 - d. Calculate the greatest common factor of 9 and i.
9
Suppose -2*v + 266 = -v + 5*s, 3*s = 3*v - 834. What is the greatest common divisor of 207 and v?
69
Let c = 1 - -4. Suppose 7 = c*j - 143. What is the greatest common factor of j and 45?
15
Suppose 621*u + 897 = 634*u. What is the highest common divisor of u and 437?
23
Let f be ((-8)/6)/4 + (-22)/(-3). Let j = 167 - 112. Suppose -l = -2*d - 6*l + 34, 5*l - j = -5*d. Calculate the greatest common factor of f and d.
7
Suppose 36 = 4*i + n + n, 4*n = i. Let l(m) = -3*m + 26. Let h be l(6). Let c = 16 + h. What is the highest common divisor of c and i?
8
Let f(c) = c**3 - 2*c**2 - c - 3. Let w be f(7). Let i = w - 117. Suppose -k = 28 - i. What is the greatest common factor of 15 and k?
15
Suppose -2927 - 517 = -7*f. What is the greatest common factor of 12 and f?
12
Let a(b) = -b**2 - 14*b + 1. Let x be a(-13). Let l be (-1*9)/((-2)/x) + 2. Calculate the greatest common factor of 13 and l.
13
Let u(x) = x**3 - 7*x**2. Let l be u(7). Suppose l = -2*j + 48 + 12. Calculate the highest common divisor of j and 75.
15
Let z(b) = b**2 - 10*b + 43. Let s be z(5). What is the highest common factor of 87 and s?
3
Let j = 117 - -70. Suppose 2*p - 99 = j. Let b(l) = l**3 + 6*l**2 - 2*l + 1. Let c be b(-6). What is the greatest common divisor of p and c?
13
Suppose -29*y + 61 = -229. Let j be (-18)/(-10) - 3/(-15). Suppose -4*h + j*h = -10. Calculate the greatest common divisor of y and h.
5
Suppose 0 = 3*f + 2*t - 19 - 277, -4*t = -4*f + 388. Let w be (-1)/(-3 + 293/f). Let r be 1/((-3)/(-42)*1). What is the highest common factor of r and w?
14
Let i = -1007 - -1067. Calculate the greatest common factor of i and 324.
12
Let u be 15/(-10) - 782/(-68). Suppose 28 = m - 0*m + c, 0 = -3*m + 2*c + 69. Calculate the greatest common divisor of u and m.
5
Suppose 4*d - 2234 + 426 = 3*r, -904 = -2*d - r. Calculate the highest common factor of 4 and d.
4
Suppose -262*k = s - 266*k - 10, -5*k = s - 10. Let v be (4 + -2)*-1 - -22. What is the highest common divisor of s and v?
10
Let g = -68 + 81. Suppose 58 + 241 = g*h. What is the highest common factor of 299 and h?
23
Suppose 0 = -5*p + 8*p - 1536. Let v = p - 302. Calculate the highest common divisor of 30 and v.
30
Let y = 20 - 16. Let p = -6 + y. Let b be ((-21)/p)/((-12)/(-32)). Calculate the highest common factor of 7 and b.
7
Let w = 11 + -9. Suppose m - 54 = -w*m. Calculate the highest common divisor of m and 24.
6
Let z be 628/9 + (-16)/(-72). Let m = -68 - -78. Calculate the highest common factor of m and z.
10
Let f(r) = r**3 - 5*r**2 - 7*r + 9. Let a be f(6). Suppose 14 = -a*v + 4*v. Calculate the highest common divisor of v and 42.
14
Suppose -2*l = 3 + 1. Let z(g) = -g**3 - 2*g**2 - g + 2. Let o be z(l). Let f = o - -8. Calculate the highest common divisor of f and 4.
4
Let t(s) = -s**3 + 12*s**2 + 21*s - 98. Let u be t(13). Let n = -11 + 21. Let r be n*2 + 6/(-3). Calculate the highest common divisor of u and r.
6
Let v(g) = g**2 - 15*g + 30. Let f be v(18). Let t(q) = -q**2 - 16*q + 29. Let c be t(-17). What is the greatest common divisor of f and c?
12
Let n(h) = h**3 - 17*h**2 + 33*h - 31. Let o be n(15). What is the greatest common divisor of o and 42?
14
Suppose -3*k - 1934 + 2816 = 0. Calculate the highest common factor of k and 126.
4